26*j - 29. Let o be w(-14). Let m be (32/12 + -1)*(o + 22). What is the highest common divisor of m and 280?
35
Let h be (-10)/(-80)*-4 - (-9)/2. Suppose -p - 12 = 5*s, -3*p - s + 14 = h*s. What is the highest common factor of p and 26?
13
Let i(s) be the second derivative of -s**4/12 + 10*s**3/3 + 51*s**2/2 - 8*s - 1. Let q be i(22). What is the greatest common factor of q and 4?
1
Let y be 1005/(-108)*-6 + 10/(-12). Suppose 7*j = y + 113. Calculate the greatest common factor of j and 408.
24
Let y be 0 + 8 - -9*12/(-36). Suppose 0*p - 3*p - 3*w + 1671 = 0, 0 = -y*p - w + 2801. What is the greatest common factor of p and 51?
51
Let n(u) = -2*u**3 - 11*u**2 - 15*u + 7. Let m be n(-7). Let a = m + 56. What is the highest common factor of a and 45?
45
Let g = 12682 - 12625. What is the highest common factor of 3021 and g?
57
Suppose 133*r = 131*r + 6. Suppose -3*w = 5*f - 243, 4*w - 19 = r*f - 159. What is the greatest common factor of 24 and f?
24
Let d = 3327 + -3324. What is the greatest common divisor of 1191 and d?
3
Let m be (61/732)/(4/288). Calculate the highest common factor of 11598 and m.
6
Let l(n) = 19*n**2 - 771*n - 114. Let y be l(-38). What is the greatest common factor of y and 20?
20
Suppose 2*n - 2*w - 56 = 0, -93 = -37*n + 34*n + 4*w. Let i = -5 + 7. Suppose -123 + 615 = i*x - 2*t, -1 = -t. What is the greatest common factor of x and n?
19
Let j(o) = 86*o - 9458. Let w be j(111). What is the greatest common factor of 11000 and w?
88
Let w be (220/99)/(-10) - (-821)/9. Let z be 10 + (30/3 - 6). Calculate the highest common divisor of w and z.
7
Let x be (-21)/28*(-220)/(-33) - -416. What is the highest common divisor of 42 and x?
3
Let h = -116 + 176. Let v = h - -27. Calculate the greatest common factor of v and 58.
29
Suppose -3*g = -39 - 84. Suppose g*m - 35*m = 990. Suppose 3*v = -0*y + 4*y - 440, -4*y + v = -440. What is the highest common factor of m and y?
55
Let s be 198*((-140)/(-84) - 2/12). Calculate the greatest common factor of s and 187.
11
Suppose -10*r + 384 = -1166. Let n = 207 - r. Let d be (4/(-2))/(14/(-91)). What is the greatest common divisor of n and d?
13
Suppose -8*a + 10 = -46. Suppose -2*w = -3*t - a, 0 = -4*w - 0*t + t + 19. Suppose -60 = w*d - 225. What is the highest common factor of d and 3?
3
Suppose 0 = -191*d - 232*d + 90945. What is the greatest common divisor of d and 989?
43
Let d = 25 + -41. Let y(l) be the second derivative of l**3/6 + 25*l**2/2 - 134*l. Let h be y(d). What is the greatest common factor of 9 and h?
9
Suppose -160*z = 63*z + 4804 - 32679. Calculate the highest common divisor of z and 2725.
25
Let g(x) = 2156*x**2 - 47*x + 92. Let c be g(2). Calculate the highest common factor of c and 18.
18
Suppose 0 = 10*s + 346 - 26. Let w be (26/(-2))/(8/s). What is the highest common divisor of w and 39?
13
Let n be -5 + ((-942)/4 + 1)*74/(-37). Calculate the highest common factor of n and 208.
16
Let v(o) = o**3 - 38*o**2 - 61*o + 865. Let l be v(39). Suppose -35 = -2*a - 0*u - 5*u, -5*a = u - 30. Calculate the greatest common divisor of l and a.
1
Let a(k) = -35*k - 19. Let z be a(3). Let i = z + 131. Suppose 2*c - 156 = 4*o, 0*c - 2*o - 148 = -2*c. What is the greatest common divisor of c and i?
7
Suppose -3*k = 4*a - 35, -5*a - 2*k + 220 = 185. Suppose 2*i = -3*r + 173, 2*i = -2*r + 39 + 133. Calculate the highest common factor of i and a.
5
Suppose -30*p + 28*p = -40. Let x be (5/(-2))/(10/p) + 41. What is the highest common divisor of x and 48?
12
Suppose 339*y + 330 = 350*y. Calculate the greatest common divisor of y and 5630.
10
Suppose 5*a - 5*x - 70 = 0, 0*x - 30 = -5*a - 5*x. Let t be (-2 - a/(-3))/((-18)/(-1296)). What is the highest common divisor of t and 112?
16
Let t = -156 + 151. Let h be (-11)/(-1) + (t - -1). Let i(n) = 7*n**2 - 46*n - 10. Let w be i(h). Calculate the highest common divisor of 1 and w.
1
Suppose 644*t = -1531 + 20581 + 15726. Suppose -2*s + 3*r + 858 = 0, -5*r + r = 5*s - 2168. What is the highest common divisor of s and t?
54
Suppose 3*u = 2*x + 70, -u - 4*x = -8*x - 20. Suppose u*y - 111 = 729. Calculate the highest common factor of 455 and y.
35
Let t = 226 - 28. Let j be (-1*(1 - 5) + -3)*-146. Let l = -128 - j. Calculate the highest common factor of l and t.
18
Let t = 408 - 379. Suppose -61 - t = -18*u. Let v = 0 - -1. What is the greatest common factor of u and v?
1
Suppose 4*d - 4*i - 8 = 0, d = -3*d - 2*i + 26. Let b be 3/5 - ((-541008)/195)/51. What is the greatest common divisor of d and b?
5
Suppose 0 = -5*v - j + 4027, 0 = -4*v + 3*v + 4*j + 797. Calculate the greatest common divisor of 1955 and v.
115
Let u = -456 + 613. Suppose 14*p + u = 549. Calculate the greatest common factor of 14 and p.
14
Suppose 0 = 11*x - 6*x - 200. Suppose -2*d = -5*d - 63. Let y be 6/(-5)*700/d. Calculate the greatest common divisor of y and x.
40
Let v = -13943 + 13959. Let x = -214 - -366. What is the greatest common divisor of v and x?
8
Suppose 0 = 13*m - 11*m - 1468. Suppose 5*l = -3*k + 1109, 8*l - m = -2*k + 6*l. What is the highest common factor of 33 and k?
33
Let q(p) = p**2 - p + 5. Suppose -2*v = 7 + 3. Let s be q(v). Let m(a) = a**3 + a**2 - 18*a + 31. Let t be m(2). What is the greatest common divisor of t and s?
7
Let b = 604 + -36. Suppose b = 3*h - 4*p, -p + 970 = 5*h + 4*p. Calculate the greatest common factor of 72 and h.
24
Suppose 6*k + k = 14. Suppose -3*t - k*t = -10. Suppose -11 = -t*o + 19. What is the highest common divisor of 105 and o?
15
Suppose -736573 = -186*d + 336275. Calculate the highest common divisor of d and 56.
56
Let q = 32 - 27. Let t(m) = 6*m + q*m - 27 - 3*m. Let r be t(9). What is the greatest common factor of 9 and r?
9
Let v(b) = -945*b - 4620. Let t be v(-6). What is the greatest common divisor of t and 1200?
150
Let a be 0/(6 + (-10 - -6)). Suppose a*o = -7*o + 560. What is the greatest common divisor of 60 and o?
20
Let x = -6933 - -11828. Calculate the highest common factor of 11 and x.
11
Let m = -378 - -212. Let w = m + 186. Calculate the greatest common divisor of w and 50.
10
Suppose -148*r = -143*r - 10. Suppose 3*h - 3*f - 17 = -r*f, 5*h - 35 = 3*f. Let g = 11 + h. Calculate the highest common divisor of g and 165.
15
Let b = -186 - -196. Suppose -2820 + 13050 = b*u. Calculate the highest common divisor of u and 93.
93
Let r = -3 - -6. Let i(s) = -s**2 - 7*s - 3. Let p be i(4). Let j be (p/r)/((-12)/36). Calculate the greatest common factor of j and 329.
47
Let l be (-8)/3*(-243)/18. Suppose -2*p - 68 + 0 = 0. Let m be 108/(-90)*(1 - p/(-4)). Calculate the highest common factor of l and m.
9
Let u be ((-96)/30)/(1/(-5)). Suppose -66*d + 148 = -29*d. Calculate the highest common factor of u and d.
4
Suppose 0 = 5*m - 5*i - 20, 3*m - 12 = 7*i - 5*i. Suppose -5*p + 404 = -2*s, 4*p - 2*p + 4*s = 176. Calculate the highest common factor of p and m.
2
Let y(c) = 67*c**2 - 33*c. Let s be y(1). What is the greatest common factor of s and 629?
17
Suppose -70*d = -63*d + 70. Let y be d/40 + 315/12. What is the highest common factor of 39 and y?
13
Let h be 1634/19*82/4. Calculate the greatest common factor of 301 and h.
43
Let n be (-2026)/(-10) - (-4164)/1735. What is the greatest common factor of n and 6355?
205
Let s be 3/9 - 8/6. Let c(n) = 149*n**2 - 2*n - 1. Let f be c(s). Let y be (75 - 78) + 38 + -5. What is the highest common divisor of y and f?
30
Suppose 46*u - 29172 = -5*u. What is the highest common divisor of 260 and u?
52
Let j(t) = -t**2 - 8*t + 46. Let c(n) = 11*n - 1. Let s be c(-1). Let q be j(s). Let k be (q/6)/((-3)/54). What is the greatest common factor of k and 21?
3
Let h = 27584 + -16298. Suppose 17*r = 55*r - h. Let j(f) = f**2 + 3*f + 9. Let n be j(-6). Calculate the greatest common divisor of n and r.
27
Let n be 820 + 3/((2*1/(-2))/1). What is the greatest common divisor of 215 and n?
43
Let d = 18 + -18. Suppose -s - l + 13 = d, 4*s - 43 = -3*l + 12. Let c be (-1*3)/((-7)/28). Calculate the highest common divisor of s and c.
4
Let r = -237 + 242. Let i be (-2 + 1)*(119 - 0/3). Let k = i - -129. Calculate the greatest common factor of r and k.
5
Let g(m) = -m**3 - 8*m**2 - m + 3. Let d be g(-5). Let i = -66 - d. Let o be (1 - 1)/(-1) - -7. What is the highest common factor of i